 + 4*x = -4, 4*v + o*x = -0*x - 12. Let q(j) = -28*j - 3. Is q(v) a composite number?
False
Let m(d) = d**3 - d. Let a be m(2). Let w = a - 4. Suppose f + 5*c - 78 = 0, 4*f = -w*c + 138 + 192. Is f a composite number?
False
Suppose 3*v + 71 = -s, 0 = 5*s - 4*v + 553 - 160. Let u = -262 + s. Is (-2)/(-2 + (-672)/u) composite?
False
Let z(o) = 1 - 12*o - 5*o**2 + 4*o**2 - 12. Is z(-6) a composite number?
True
Is 1/(1*(-2)/(-124)) a prime number?
False
Let k be 3/2 + (-1)/(-2). Let t(i) = 59*i**2 - i - 1. Is t(k) a composite number?
False
Let g(n) = -11*n + 3 + 0 + 1. Is g(-3) a composite number?
False
Let c(s) = -s**3 - 7*s**2 - 9*s + 4. Let m be (0 + 0)/(2/(-1)). Let w(x) = -x**3 + x**2 - x - 7. Let r be w(m). Is c(r) a prime number?
True
Let p(r) be the first derivative of -11*r - 7*r**2 + 3*r**3 + 1/4*r**4 + 2. Is p(-9) composite?
True
Let h be 5 + (1 - (-2 + 4)). Suppose -h*w = -8, 0*w = 4*v - 4*w - 48. Is 8/28 + 192/v a prime number?
False
Suppose -4*a - 2522 = -12358. Is a a prime number?
True
Is (-4)/((-5)/((-1270)/(-4))) composite?
True
Let y(w) = -w**2 - 8*w + 8. Let z = 2 + -1. Let a be ((-2)/(-4))/(z/(-14)). Is y(a) prime?
False
Let c = 357 + -138. Suppose -c - 149 = w. Let q = -157 - w. Is q composite?
False
Let i = 7 - 7. Is (-1 - i)/((-1)/211) composite?
False
Suppose 0 = -2*u - 2*g - 778, g = 3*u - 6*u - 1169. Let f = u + 595. Is f composite?
True
Is (2032/(-40))/(2/(-5)) a prime number?
True
Suppose -4*n + 5*n - 131 = 0. Is n a prime number?
True
Let i(o) = 57*o**2 - 1. Let b be i(-1). Let k be (-56)/(-32)*b/2. Let m = k + 4. Is m composite?
False
Let d(x) be the second derivative of x**4/12 - 2*x**3/3 - 3*x**2 + 2*x. Let c be d(6). Is -3*(1 - 34/c) a prime number?
False
Suppose -2*s - 4*p + 136 = 3*s, -s + 26 = 2*p. Let j = s + -9. Is j a prime number?
True
Let u = 141 - 28. Is u a composite number?
False
Let x = -5 - -15. Let s = x - 4. Is (-3 - (-123)/s)*2 a composite number?
True
Suppose -4*l + 3*x = 11, 13 = 5*l - 10*l + 4*x. Let o = l - -28. Let a = 74 - o. Is a a prime number?
False
Suppose 5*m = y - 417, -3*y + 1229 = -4*m - 0*m. Is y composite?
True
Suppose -9*g + 6*g = -1959. Suppose g = r - 0*r. Is r a composite number?
False
Let d = 178 + -249. Let p = 150 + d. Is p a prime number?
True
Suppose -5*n - 4*j = 55 - 2070, n + 3*j = 392. Is n composite?
True
Suppose 51048 = 4*i - 3*j + 5*j, -38291 = -3*i - 4*j. Is i prime?
False
Let j = 16 - 11. Suppose -4*m + 5*w + 129 = 0, 2*m + w = j*m - 94. Is m a prime number?
True
Suppose -m - 3*f - 72 = f, 2*f = -4*m - 260. Let u = 131 + m. Is u prime?
True
Let i(u) = -u**3 + 3*u**2 - 4*u + 1. Let c be i(-6). Let n = -186 + c. Is n a composite number?
False
Let t = -123 - -300. Let f = -6 - -10. Suppose f*j = 533 - t. Is j prime?
True
Let h be (-4)/8 + 154/4. Let f = h - -5. Is f composite?
False
Is (-6332)/(-6) - 9/27 a composite number?
True
Suppose -507 = -5*p - 82. Let g be (2/(-4))/(3/(-72)). Is (p/(-3))/((-4)/g) a composite number?
True
Let x(r) = -r**2 - 19*r - 7. Let h be (35/(-14))/(2/12). Is x(h) composite?
False
Suppose -25427 = -4*d + 5*s, -31768 = -4*d - s - 6359. Is d composite?
False
Let q = 2746 - 945. Is q a prime number?
True
Let z = -2 - -5. Suppose 623 = 3*f - 103. Suppose 71 = -5*t + 2*w + f, -90 = -3*t - z*w. Is t a composite number?
True
Is ((-6713)/21)/(1/(-3)) composite?
True
Suppose 0 = -2*o + 2*w - 996, 166 = -5*o - 2*w - 2352. Let s = o + 753. Is s a composite number?
False
Let x = 47 + -15. Let t be 4/(-12) - x/(-6). Let m(c) = 13*c**2 + 2*c + 2. Is m(t) a prime number?
True
Let o(b) = 15*b - 2. Let m be o(5). Suppose n - m = 66. Is n composite?
False
Suppose -i - 6 = -4*i. Suppose 0*d - 206 = -i*d. Suppose 0 = -2*m - 5*r + 48, -2*m = -7*m - 4*r + d. Is m composite?
False
Let j = -2 + -1. Let b = -10 - j. Is (-2)/b - 2583/(-49) composite?
False
Let y(t) = -t - 5. Let b be y(-12). Suppose -5*d - 56 = -4*m, -2*m + b*m - 83 = 3*d. Is m composite?
False
Suppose 3*g + 437 = 2*u, 0 = -4*g - 20 - 0. Is u a composite number?
False
Suppose -2*s + 2*j + 250 = -j, j - 4 = 0. Is s a composite number?
False
Let q(m) = -m**3 - 7*m**2 + 8*m + 5. Let b be q(-8). Suppose 0 = -b*j, h + j - 58 = 21. Is h prime?
True
Suppose 0 = -5*f - 0*f - 150. Let p = f + 67. Is p prime?
True
Let q(l) = -2*l + 1. Let z be q(-7). Suppose m + z = -0*m. Let i = m + 68. Is i a composite number?
False
Let q(v) = -v**3 + 9*v**2 - 7*v - 4. Let a be q(8). Let g = 7 - a. Is g prime?
True
Suppose s = 3*s - 150. Let k = s - 22. Is k a composite number?
False
Suppose b = -h + 3*h - 309, -4*h - 3*b = -643. Is h composite?
False
Suppose 5*h = -5*n + 2730, -5*h + 2*h - n = -1628. Is h a composite number?
False
Let c(u) = -28*u - 3. Is c(-2) prime?
True
Suppose 0 = 3*t - 4*t - 5. Let l(q) = -6*q + 3. Is l(t) a composite number?
True
Let m(p) = -33*p**3 + 2*p**2 - 1. Let h be m(1). Let c = -2 - h. Suppose -2*y + c = 3*y. Is y composite?
True
Suppose -2*n + 55 = -n. Is n a composite number?
True
Suppose 8*b - 4*b - 13004 = 0. Is b a prime number?
True
Suppose 4*f + 450 = 1966. Is f a composite number?
False
Suppose -10 = f + 2*t, -3*f - 4*t - 20 = -5*f. Suppose f = -4*z - q + 268 - 31, -2*z = -3*q - 115. Is z a prime number?
True
Let t(o) = -20*o + 4. Let j(v) = -21*v + 5. Let l(d) = 5*j(d) - 6*t(d). Is l(6) a prime number?
False
Let o(s) = 72*s + 14. Let v(a) = -24*a - 5. Let m(f) = 4*o(f) + 11*v(f). Let d(t) = -t**3 - 5*t**2 + 2. Let g be d(-5). Is m(g) composite?
True
Let l(r) = 184*r. Let o be l(2). Suppose o = 4*j - 188. Is j a composite number?
False
Let o be -3 + (-7)/((-28)/24). Is -2 - (-98 - 3/o) composite?
False
Let b(f) = 3*f**3 + 3*f**2 - 6*f - 7. Is b(4) a prime number?
False
Let w = 308 - -212. Is (-2)/(-6) + w/15 prime?
False
Suppose 2*t - 1 + 3 = 0. Let l(j) = 429*j**2 - j - 1. Let o be l(t). Let c = -272 + o. Is c a prime number?
True
Let s(u) = -2*u**3 + 2*u**2 + 2. Let h be s(2). Let y = 27 - h. Is y a composite number?
True
Let q(b) = b**3 + 14*b**2 + b + 16. Let l be q(-14). Suppose -6*t + 236 = -l*t. Is t a composite number?
False
Suppose -2*f - 3*q - 12 = -4*f, 3*f + 5*q + 1 = 0. Suppose -5*o = n - 712, 0 = o + o - f*n - 295. Is o prime?
False
Suppose -27*d = -24*d - 4107. Is d prime?
False
Let j = 302 - 213. Is j composite?
False
Suppose -f = t + 34, -3*t + 72 = -4*f + f. Let a = f - -41. Is a/(-8) + 159/6 prime?
False
Let b(q) = q**3 + 6*q**2 - 6*q + 10. Let l be b(-7). Suppose -8*w + 3*y = -l*w - 42, 0 = 3*w + 3*y - 6. Is w prime?
False
Is 21572/12 + 1 - (-3)/9 a composite number?
True
Let b(j) = -j + 6. Let w(m) = -m**3 + 3*m**2 - 2*m - 1. Let i be w(3). Let q be b(i). Suppose 57 = 5*l - 2*u, l + 2*u - q = -4. Is l a composite number?
False
Let a(c) = c**2 + 4*c - 3. Is a(16) a prime number?
True
Let s(l) be the third derivative of l**4/24 + l**3/3 - l**2. Let b be s(0). Suppose 31 - 1 = b*j. Is j a composite number?
True
Let v = -298 - -1307. Is v a composite number?
False
Suppose 381 + 127 = 4*u. Is u prime?
True
Let d(y) be the second derivative of -y**3/2 - y**2/2 - 2*y. Is d(-5) a prime number?
False
Let r = 7 - -138. Is r prime?
False
Suppose -10 + 2 = -4*q. Suppose -4*g + 174 = -q*g. Is g a prime number?
False
Suppose 2*q - 272 - 42 = 0. Is q a prime number?
True
Let k(q) = 77*q**2 + 2*q - 19. Is k(-6) a prime number?
True
Suppose 0 = -5*g + 2*u + 3129, 0 = 5*u + 8 - 23. Suppose 2*q - 5*r - 218 - 46 = 0, 5*q = -4*r + g. Is q a composite number?
False
Let b = -3808 - -6551. Is (b/39)/(2/6) composite?
False
Let x = -81 + 372. Is x composite?
True
Suppose -14 = 2*l + 22. Is l/45 + 7454/10 composite?
True
Is 6/21 - (-4)/((-112)/(-35244)) a prime number?
True
Is 3/(0 + 12/212) prime?
True
Let p(s) = s**3 + 4*s**2 - 4*s + 5. Let l be p(-5). Let v(a) = -a**2 + a + 111. Is v(l) prime?
False
Let a(q) = q**2 + 9*q - 15. Is a(-11) a composite number?
False
Let w be (-65)/9 + (-8)/(-36). Let v be -2 - (-2 + 1) - 9. Let z = w - v. Is z prime?
True
Suppose -3*j + 8 = -2*j. Let x be (-48)/(-20) + 2/(-5). Suppose -x = -2*n + j, 5*m - 3*n = 320. Is m a prime number?
True
Let a(x) = x**2 + 2*x + 251. Is a(0) a prime number?
True
Let f(m) = 2*m**2 - 5*m + 3. Is f(-4) composite?
True
Let k = 2 - 2. Suppose 4*v - 3 = d + 10, k = 3*v + d - 1. Is (0 + v)*55/2 composite?
True
Let k(w) = 17